n 480 is divided by 79?
6
Calculate the remainder when 1979 is divided by 31.
26
What is the remainder when 40 is divided by 25?
15
Calculate the remainder when 669 is divided by 21.
18
What is the remainder when 478 is divided by 44?
38
Calculate the remainder when 196 is divided by 40.
36
Calculate the remainder when 491 is divided by 229.
33
Calculate the remainder when 2421 is divided by 14.
13
Calculate the remainder when 206 is divided by 52.
50
What is the remainder when 28 is divided by 23?
5
Calculate the remainder when 909 is divided by 217.
41
Calculate the remainder when 3548 is divided by 222.
218
Calculate the remainder when 146 is divided by 3.
2
What is the remainder when 73233 is divided by 359?
356
What is the remainder when 163 is divided by 30?
13
Calculate the remainder when 426 is divided by 31.
23
What is the remainder when 4894 is divided by 29?
22
What is the remainder when 509 is divided by 7?
5
What is the remainder when 678 is divided by 124?
58
What is the remainder when 99 is divided by 10?
9
What is the remainder when 14079 is divided by 176?
175
Calculate the remainder when 447 is divided by 10.
7
What is the remainder when 917 is divided by 20?
17
What is the remainder when 281 is divided by 111?
59
What is the remainder when 101 is divided by 36?
29
What is the remainder when 43 is divided by 8?
3
What is the remainder when 340 is divided by 247?
93
What is the remainder when 1376 is divided by 92?
88
Calculate the remainder when 751 is divided by 48.
31
Calculate the remainder when 4385 is divided by 486.
11
Calculate the remainder when 169 is divided by 49.
22
What is the remainder when 3247 is divided by 16?
15
What is the remainder when 39 is divided by 14?
11
Calculate the remainder when 631 is divided by 10.
1
What is the remainder when 549 is divided by 69?
66
Calculate the remainder when 41 is divided by 15.
11
Calculate the remainder when 2914 is divided by 36.
34
What is the remainder when 27528 is divided by 57?
54
What is the remainder when 765 is divided by 64?
61
What is the remainder when 309 is divided by 63?
57
What is the remainder when 876 is divided by 40?
36
What is the remainder when 497 is divided by 63?
56
What is the remainder when 26 is divided by 7?
5
Calculate the remainder when 2267 is divided by 126.
125
What is the remainder when 4626 is divided by 27?
9
Calculate the remainder when 8447 is divided by 10.
7
What is the remainder when 23 is divided by 9?
5
Calculate the remainder when 135 is divided by 118.
17
What is the remainder when 134 is divided by 23?
19
Calculate the remainder when 74 is divided by 48.
26
What is the remainder when 1456 is divided by 178?
32
Calculate the remainder when 1033 is divided by 115.
113
What is the remainder when 1095 is divided by 262?
47
Calculate the remainder when 251 is divided by 13.
4
What is the remainder when 203 is divided by 34?
33
What is the remainder when 387 is divided by 56?
51
What is the remainder when 116 is divided by 39?
38
What is the remainder when 899 is divided by 17?
15
What is the remainder when 7347 is divided by 15?
12
What is the remainder when 47397 is divided by 20?
17
Calculate the remainder when 126 is divided by 34.
24
What is the remainder when 78 is divided by 35?
8
What is the remainder when 3198 is divided by 1589?
20
What is the remainder when 308 is divided by 24?
20
What is the remainder when 2493 is divided by 24?
21
What is the remainder when 190 is divided by 68?
54
What is the remainder when 218 is divided by 68?
14
Calculate the remainder when 309 is divided by 8.
5
What is the remainder when 87 is divided by 15?
12
What is the remainder when 377 is divided by 7?
6
Calculate the remainder when 42 is divided by 3.
0
What is the remainder when 6107 is divided by 149?
147
Calculate the remainder when 1590 is divided by 13.
4
What is the remainder when 13 is divided by 2?
1
What is the remainder when 694 is divided by 41?
38
Calculate the remainder when 196 is divided by 63.
7
Calculate the remainder when 474 is divided by 28.
26
Calculate the remainder when 83 is divided by 10.
3
What is the remainder when 619 is divided by 44?
3
What is the remainder when 53 is divided by 45?
8
Calculate the remainder when 85 is divided by 16.
5
What is the remainder when 16 is divided by 13?
3
What is the remainder when 635 is divided by 11?
8
What is the remainder when 1378 is divided by 1337?
41
What is the remainder when 622 is divided by 24?
22
Calculate the remainder when 5500 is divided by 67.
6
What is the remainder when 101 is divided by 26?
23
Calculate the remainder when 649 is divided by 50.
49
Calculate the remainder when 95 is divided by 8.
7
Calculate the remainder when 263 is divided by 38.
35
What is the remainder when 798 is divided by 50?
48
What is the remainder when 70 is divided by 68?
2
What is the remainder when 15 is divided by 4?
3
What is the remainder when 7716 is divided by 406?
2
What is the remainder when 106 is divided by 9?
7
What is the remainder when 358 is divided by 37?
25
What is the remainder when 584 is divided by 273?
38
Calculate the remainder when 109 is divided by 11.
10
Calculate the remainder when 92 is divided by 66.
26
Calculate the remainder when 416 is divided by 81.
11
What is the remainder when 2347 is divided by 780?
7
Calculate the remainder when 129 is divided by 12.
9
Calculate the remainder when 3125 is divided by 46.
43
Calculate the remainder when 60 is divided by 15.
0
Calculate the remainder when 65 is divided by 49.
16
What is the remainder when 144 is divided by 109?
35
Calculate the remainder when 207 is divided by 29.
4
What is the remainder when 896 is divided by 253?
137
Calculate the remainder when 27298 is divided by 17.
13
Calculate the remainder when 471 is divided by 43.
41
Calculate the remainder when 80 is divided by 43.
37
What is the remainder when 11885 is divided by 82?
77
Calculate the remainder when 95 is divided by 24.
23
Calculate the remainder when 196 is divided by 22.
20
What is the remainder when 163 is divided by 41?
40
What is the remainder when 734 is divided by 23?
21
What is the remainder when 156 is divided by 18?
12
What is the remainder when 20262 is divided by 298?
296
What is the remainder when 311 is divided by 213?
98
Calculate the remainder when 257 is divided by 157.
100
What is the remainder when 1329 is divided by 525?
279
What is the remainder when 4900 is divided by 29?
28
Calculate the remainder when 223 is divided by 45.
43
Calculate the remainder when 543 is divided by 25.
18
Calculate the remainder when 632 is divided by 48.
8
Calculate the remainder when 141 is divided by 79.
62
Calculate the remainder when 140 is divided by 5.
0
What is the remainder when 101 is divided by 43?
15
Calculate the remainder when 1291 is divided by 640.
11
What is the remainder when 486 is divided by 125?
111
What is the remainder when 284 is divided by 125?
34
Calculate the remainder when 75 is divided by 13.
10
What is the remainder when 230 is divided by 24?
14
What is the remainder when 1399 is divided by 27?
22
Calculate the remainder when 2790 is divided by 554.
20
Calculate the remainder when 898 is divided by 30.
28
What is the remainder when 22 is divided by 19?
3
Calculate the remainder when 8062 is divided by 144.
142
What is the remainder when 1438 is divided by 1373?
65
Calculate the remainder when 458 is divided by 34.
16
What is the remainder when 4473 is divided by 235?
8
Calculate the remainder when 60 is divided by 33.
27
What is the remainder when 1108 is divided by 15?
13
Calculate the remainder when 74 is divided by 33.
8
Calculate the remainder when 101 is divided by 6.
5
What is the remainder when 249 is divided by 14?
11
Calculate the remainder when 81 is divided by 21.
18
Calculate the remainder when 704 is divided by 69.
14
What is the remainder when 149 is divided by 14?
9
What is the remainder when 389 is divided by 26?
25
Calculate the remainder when 1488 is divided by 249.
243
What is the remainder when 250 is divided by 6?
4
Calculate the remainder when 412 is divided by 92.
44
Calculate the remainder when 131 is divided by 26.
1
Calculate the remainder when 143 is divided by 6.
5
Calculate the r